t common divisor of i and 530?
10
Let n = 14 + -27. Let r = -12 - n. Let w be (-13 + 17)/(0 + 1). What is the highest common divisor of r and w?
1
Suppose -4*q + 1080 = 4*q. Suppose -7*r = -q + 37. What is the greatest common factor of 112 and r?
14
Let i = 12 - -18. Suppose -b - 10 = 5*n, 5*n = -2*b - 2*b + 35. What is the greatest common divisor of i and b?
15
Let i be 8*(-4)/(-8) + 48. Let s = i + -28. What is the greatest common divisor of s and 36?
12
Let i be ((-4 + -2)*(-2)/(-4))/(-1). Suppose 3*p = -3*j + 42, -8 = -5*p + 7. Suppose 2*t = i + j. Calculate the highest common factor of 49 and t.
7
Let x = 251 - 238. What is the highest common divisor of x and 13?
13
Let w(p) = p**3 - 8*p**2 + p - 4. Let i = -11 + 14. Suppose -7 = -l + t - 2*t, -2*t = i*l - 22. Let m be w(l). What is the highest common divisor of m and 10?
2
Let q = -38 + 83. Let n = 171 + q. Calculate the highest common factor of 24 and n.
24
Let p(m) = -m**3 + 12*m**2 + 14*m + 15. Let l be p(13). Let n be 35/l - 2/8. Let q be (-3)/4*(4 + -16). What is the greatest common divisor of n and q?
1
Suppose -5*v + 42 = -28. Suppose -3*t + 85 + 104 = 0. Let s = -21 + t. What is the greatest common divisor of v and s?
14
Let n(g) = g**2 + 14*g + 2. Let c be n(-14). Suppose a + 2*z = -z + 47, -c*a + 98 = 2*z. What is the highest common factor of 10 and a?
10
Let k(l) = 13*l + 61. Let n be k(-4). What is the greatest common factor of 1 and n?
1
Let q = 51 - -85. Suppose -k + 34 = 2*g, 5*k - g = q - 21. Calculate the highest common factor of k and 60.
12
Suppose 40*i - 10683 = 167717. What is the highest common factor of i and 20?
20
Suppose -11*t + 1010 = -255. Calculate the greatest common divisor of 23 and t.
23
Let i = 970 - 940. What is the greatest common factor of i and 405?
15
Suppose 0 = -5*g + 164 - 9. Let d(a) = -a**3 + 13*a**2 + 21*a - 20. Let y be d(14). Let c = y - -139. What is the greatest common divisor of g and c?
31
Let g(c) = -c**3 - 8*c**2 + 7*c + 6. Let j be g(-9). Suppose -3*z + 16 + 18 = 2*r, -4*z = -r - 49. Calculate the highest common divisor of z and j.
12
Let i be (-9)/2*(-16)/6. Let v be 8/i + (-6)/9. Suppose -2*s = -5*b - 188 - 197, -4*b + 12 = v. What is the greatest common factor of s and 25?
25
Let l = 798 - 670. Suppose 4*t = -0*t + 128. Calculate the greatest common factor of l and t.
32
Let x = 3204 - 3189. Let z = -139 - -252. Let i = z - 8. What is the highest common divisor of i and x?
15
Suppose 2392 = 41*m + 55. What is the highest common divisor of m and 361?
19
Suppose -89*g = -87*g - 336. What is the highest common factor of g and 24?
24
Let s(a) = -a**3 - 5*a**2 + 10*a + 10. Let k be s(-6). Let m = 20 + k. Calculate the highest common factor of m and 36.
6
Let d = -62 + 77. What is the highest common divisor of d and 55?
5
Let y(l) = 5*l**2 - 5*l - 18. Let i be y(-5). Calculate the highest common divisor of i and 99.
33
Suppose -165*f + 154*f = -385. What is the greatest common factor of f and 28?
7
Let t = 1 - -8. Suppose 5*o = n + 3*n + 241, -2*n - 98 = -2*o. Calculate the greatest common factor of t and o.
9
Suppose -5*k = 4*o - 5*o + 78, -3*o = 2*k - 149. What is the greatest common factor of o and 424?
53
Let v(m) = 2*m**2 + 9*m - 15. Let b = 20 - 18. Suppose 0 = 5*u - b*u + 33. Let l be v(u). What is the highest common divisor of l and 16?
16
Suppose -3*j + 3*g + 15 = 0, -g = -j - 2*j + 9. Suppose -6 = -j*q + 8. Calculate the greatest common divisor of 7 and q.
7
Let k = 531 - 315. Calculate the greatest common factor of k and 1224.
72
Suppose -305 - 1018 = -9*p. Let s = 52 + -3. What is the greatest common factor of s and p?
49
Let u(j) = -4*j - 7. Let f be u(-7). Suppose -w - f = -2*w. What is the greatest common factor of w and 14?
7
Suppose -3*d = 3*o + 11 - 56, 0 = 5*o + d - 83. Calculate the greatest common divisor of 391 and o.
17
Suppose 0 = 2*j + 5*c + 16 - 433, -2*c - 231 = -j. Calculate the greatest common divisor of j and 17.
17
Let b(x) = -x**3 - 3*x**2 + 99*x - 9. Let h be b(8). Calculate the highest common factor of 711 and h.
79
Suppose 3*d = d. Suppose d = -2*s + 8 + 2. Suppose -s*h - 5*n = -260, h + 11*n - 40 = 6*n. What is the greatest common factor of 5 and h?
5
Suppose -j = 4*a - 90, 5*a + j - 121 = -9. Let d = 58 - a. Calculate the highest common factor of 324 and d.
36
Let g = 172 + -43. Let x = 142 - g. What is the highest common divisor of 377 and x?
13
Suppose 92 - 417 = -5*l. Let u be 26/6*(-2 + -1). Let z = u - -26. What is the highest common divisor of l and z?
13
Let y be 4/(-20) + (-112)/(-10). Let p be 10/45 + (-2)/9. Suppose -4*l - 609 = -5*h, 5*l = 5*h - p*h - 610. What is the highest common divisor of y and h?
11
Let t = 383 + -94. Calculate the highest common factor of t and 17.
17
Let c be 3/(-27) + ((-365)/(-45) - -1). Calculate the highest common factor of c and 54.
9
Suppose 0 = -5*s + j + 1280, -115*s + 111*s + 1040 = -4*j. What is the greatest common factor of 119 and s?
17
Let w = -1 - -2. Suppose 19*l = 21*l + 4, -4*l - 6 = 2*h. Calculate the greatest common divisor of w and h.
1
Suppose 3*x = -2*x - 20. Let s be 0 + (-48 - 0)/x. Suppose 3 = 5*t - s. What is the greatest common divisor of t and 15?
3
Let l(k) = -k**3 - 10*k**2 - 8*k + 74. Let h be l(-8). Calculate the highest common factor of 490 and h.
10
Let v be 239/2 - 9/(-18). What is the highest common divisor of v and 80?
40
Let l(w) = 2*w**2 + 3*w - 1. Let n be l(5). Calculate the greatest common divisor of n and 4.
4
Let u be (42/(-3))/(-1) + 6. What is the highest common factor of u and 30?
10
Let g(v) = 4*v - 10. Let l be g(4). Suppose 5*a - 269 = 61. Calculate the greatest common factor of l and a.
6
Let i(z) = -13*z + 1. Let l be i(4). Suppose 0 = 10*n - 52 - 8. Let s be (l/n)/((-2)/4). What is the greatest common factor of s and 85?
17
Suppose -n = 10*n - 220. What is the highest common factor of 100 and n?
20
Suppose 108 = u - 3*x, -6*u = -3*u + 3*x - 324. Let i(h) = 4*h**2 - 3*h + 2. Let t be i(2). What is the highest common divisor of t and u?
12
Let m be (11*140/660)/(2/246). What is the greatest common divisor of 14 and m?
7
Let o = -2173 + 2313. Calculate the highest common factor of 1260 and o.
140
Suppose 2*u = 66 - 6. Let s be 130 - (3 + (3 - 9) - -1). Let i = 138 - s. Calculate the highest common factor of u and i.
6
Let g = -107 - -109. Let l be 15 - (-3 - (0 + g)). What is the highest common factor of l and 180?
20
Let f be -1 - (0 - -2 - 3). Let g(k) = 10 + 8*k + f*k - 9*k. Let l be g(-9). What is the highest common divisor of l and 133?
19
Let y = 3 + 2. Let z be ((-8)/(-2))/2 - -4. Suppose -u + 30 = 5*c, 2*u - 4*c - 84 = -z*c. Calculate the greatest common factor of u and y.
5
Let v = -13 - -9. Let s be (-10)/v*(-24)/(-5). What is the greatest common divisor of 24 and s?
12
Let t(h) = h**3 - 11*h**2 - 11*h + 1. Let n be t(12). What is the greatest common divisor of 247 and n?
13
Let m be ((-189)/(-39) - 5) + 1237/13. Calculate the greatest common factor of 5 and m.
5
Let r be -2 + -3 + 5 - (0 - 6). Suppose 3 = 3*a + q - 6*q, -2*a = -5*q - 7. Let n be (-196)/(-16) + 1/a. What is the highest common factor of r and n?
6
Let f be (-246)/(-4)*(-4)/3. Let d = f - -181. Calculate the highest common factor of 9 and d.
9
Let m(b) = -40*b - 2. Let z(f) = -81*f - 4. Suppose s - 2*s = 2. Let g(t) = s*z(t) + 5*m(t). Let a be g(-3). Calculate the greatest common factor of a and 14.
14
Let n = -7 - -11. Suppose 4*h = -n*j - 12, 0 = -3*h + 4*j + 20 + 6. Let y(d) = 6*d - 3. Let a be y(h). Calculate the greatest common factor of 45 and a.
9
Let r be (-8 - -9)/(-2 + 1)*-7. Suppose r*p - 3*p - 900 = 0. What is the greatest common divisor of p and 25?
25
Let m be -2 - -6*(-2)/(-3). Let s be (m + -41)*(-22 - -3). Suppose 2*h - 765 = -4*u - h, -5*h - s = -4*u. Calculate the greatest common divisor of u and 21.
21
Let j(a) = a**2 - 5*a - 10. Let r be j(7). Suppose 3*h + 4*p + 18 = 4*h, r*h = -p + 123. Calculate the highest common divisor of h and 12.
6
Suppose 0 = -s + 4*w + 198 + 1256, 2*s = w + 2901. Calculate the greatest common factor of s and 58.
58
Let c be (192/(-320))/((-6)/190). Calculate the greatest common factor of 1273 and c.
19
Let y(o) = -o. Let a be y(-5). Suppose 18 = 4*l + 2*j, -24 = -2*l - 3*l - 4*j. Let w = a 